en 27 is divided by 19?
8
What is the remainder when 351 is divided by 24?
15
What is the remainder when 27 is divided by 5?
2
What is the remainder when 1402 is divided by 349?
6
What is the remainder when 133 is divided by 62?
9
Calculate the remainder when 352 is divided by 106.
34
What is the remainder when 126 is divided by 48?
30
What is the remainder when 452 is divided by 26?
10
Calculate the remainder when 507 is divided by 69.
24
Calculate the remainder when 2534 is divided by 54.
50
What is the remainder when 3340 is divided by 208?
12
Calculate the remainder when 418 is divided by 52.
2
Calculate the remainder when 2956 is divided by 8.
4
What is the remainder when 527 is divided by 41?
35
What is the remainder when 87 is divided by 15?
12
What is the remainder when 3729 is divided by 311?
308
What is the remainder when 265 is divided by 67?
64
Calculate the remainder when 778 is divided by 79.
67
What is the remainder when 1536 is divided by 380?
16
What is the remainder when 239 is divided by 80?
79
Calculate the remainder when 481 is divided by 436.
45
Calculate the remainder when 225 is divided by 58.
51
Calculate the remainder when 682 is divided by 14.
10
Calculate the remainder when 7048 is divided by 82.
78
What is the remainder when 273 is divided by 92?
89
Calculate the remainder when 31 is divided by 4.
3
Calculate the remainder when 88 is divided by 12.
4
What is the remainder when 36 is divided by 19?
17
Calculate the remainder when 42 is divided by 5.
2
What is the remainder when 69 is divided by 33?
3
What is the remainder when 287 is divided by 40?
7
What is the remainder when 3814 is divided by 23?
19
What is the remainder when 255 is divided by 83?
6
What is the remainder when 947 is divided by 28?
23
Calculate the remainder when 94 is divided by 15.
4
What is the remainder when 501 is divided by 126?
123
Calculate the remainder when 73 is divided by 11.
7
Calculate the remainder when 286 is divided by 78.
52
Calculate the remainder when 1115 is divided by 278.
3
What is the remainder when 1513 is divided by 11?
6
Calculate the remainder when 3115 is divided by 76.
75
What is the remainder when 575 is divided by 34?
31
What is the remainder when 245 is divided by 82?
81
What is the remainder when 392 is divided by 5?
2
Calculate the remainder when 259 is divided by 128.
3
What is the remainder when 1403 is divided by 276?
23
Calculate the remainder when 12 is divided by 9.
3
What is the remainder when 823 is divided by 103?
102
What is the remainder when 97 is divided by 10?
7
What is the remainder when 3694 is divided by 1227?
13
Calculate the remainder when 41 is divided by 12.
5
Calculate the remainder when 969 is divided by 81.
78
What is the remainder when 751 is divided by 48?
31
What is the remainder when 67 is divided by 17?
16
Calculate the remainder when 2604 is divided by 32.
12
What is the remainder when 1029 is divided by 335?
24
Calculate the remainder when 4000 is divided by 3.
1
What is the remainder when 557 is divided by 259?
39
What is the remainder when 25562 is divided by 16?
10
What is the remainder when 440 is divided by 109?
4
What is the remainder when 19065 is divided by 23?
21
What is the remainder when 104 is divided by 62?
42
Calculate the remainder when 4487 is divided by 66.
65
What is the remainder when 141 is divided by 135?
6
Calculate the remainder when 551 is divided by 36.
11
Calculate the remainder when 46 is divided by 24.
22
What is the remainder when 8171 is divided by 314?
7
What is the remainder when 188 is divided by 19?
17
What is the remainder when 38 is divided by 10?
8
Calculate the remainder when 5999 is divided by 273.
266
What is the remainder when 402 is divided by 14?
10
Calculate the remainder when 361 is divided by 122.
117
What is the remainder when 1451 is divided by 35?
16
Calculate the remainder when 706 is divided by 200.
106
Calculate the remainder when 105 is divided by 35.
0
What is the remainder when 355 is divided by 24?
19
Calculate the remainder when 154 is divided by 27.
19
What is the remainder when 233 is divided by 18?
17
Calculate the remainder when 618 is divided by 26.
20
What is the remainder when 1141 is divided by 4?
1
What is the remainder when 666 is divided by 153?
54
Calculate the remainder when 892 is divided by 39.
34
Calculate the remainder when 357 is divided by 55.
27
Calculate the remainder when 255 is divided by 72.
39
Calculate the remainder when 129 is divided by 10.
9
Calculate the remainder when 161 is divided by 87.
74
What is the remainder when 112 is divided by 23?
20
What is the remainder when 11533 is divided by 112?
109
What is the remainder when 10580 is divided by 74?
72
Calculate the remainder when 5700 is divided by 23.
19
Calculate the remainder when 1841 is divided by 459.
5
Calculate the remainder when 647 is divided by 47.
36
What is the remainder when 119 is divided by 11?
9
What is the remainder when 7121 is divided by 52?
49
Calculate the remainder when 85 is divided by 30.
25
What is the remainder when 821 is divided by 21?
2
What is the remainder when 124 is divided by 8?
4
Calculate the remainder when 440 is divided by 435.
5
Calculate the remainder when 347 is divided by 5.
2
What is the remainder when 7724 is divided by 309?
308
Calculate the remainder when 185 is divided by 40.
25
What is the remainder when 1583 is divided by 27?
17
What is the remainder when 447 is divided by 95?
67
What is the remainder when 1413 is divided by 118?
115
Calculate the remainder when 198 is divided by 69.
60
What is the remainder when 416 is divided by 108?
92
Calculate the remainder when 7918 is divided by 22.
20
What is the remainder when 69 is divided by 22?
3
What is the remainder when 403 is divided by 69?
58
What is the remainder when 397 is divided by 81?
73
Calculate the remainder when 7266 is divided by 13.
12
What is the remainder when 25300 is divided by 3?
1
What is the remainder when 1257 is divided by 74?
73
What is the remainder when 532 is divided by 67?
63
Calculate the remainder when 1264 is divided by 212.
204
Calculate the remainder when 461 is divided by 45.
11
Calculate the remainder when 2111 is divided by 330.
131
What is the remainder when 260 is divided by 7?
1
Calculate the remainder when 779 is divided by 26.
25
What is the remainder when 525 is divided by 23?
19
Calculate the remainder when 649 is divided by 93.
91
Calculate the remainder when 895 is divided by 54.
31
Calculate the remainder when 987 is divided by 90.
87
Calculate the remainder when 351 is divided by 17.
11
Calculate the remainder when 1373 is divided by 172.
169
Calculate the remainder when 90 is divided by 52.
38
What is the remainder when 146 is divided by 25?
21
What is the remainder when 5830 is divided by 216?
214
Calculate the remainder when 44 is divided by 12.
8
Calculate the remainder when 126 is divided by 69.
57
Calculate the remainder when 290 is divided by 120.
50
Calculate the remainder when 1151 is divided by 105.
101
What is the remainder when 113 is divided by 49?
15
Calculate the remainder when 129 is divided by 26.
25
What is the remainder when 370 is divided by 34?
30
What is the remainder when 571 is divided by 51?
10
What is the remainder when 136 is divided by 28?
24
Calculate the remainder when 6403 is divided by 21.
19
Calculate the remainder when 98 is divided by 11.
10
What is the remainder when 272 is divided by 75?
47
Calculate the remainder when 1883 is divided by 100.
83
Calculate the remainder when 147 is divided by 15.
12
What is the remainder when 361 is divided by 33?
31
What is the remainder when 815 is divided by 53?
20
What is the remainder when 80 is divided by 47?
33
Calculate the remainder when 209 is divided by 35.
34
What is the remainder when 455 is divided by 4?
3
Calculate the remainder when 66 is divided by 35.
31
Calculate the remainder when 1168 is divided by 30.
28
What is the remainder when 3507 is divided by 54?
51
What is the remainder when 2923 is divided by 38?
35
Calculate the remainder when 1343 is divided by 288.
191
What is the remainder when 1440 is divided by 111?
108
Calculate the remainder when 102 is divided by 35.
32
What is the remainder when 177 is div